the highest common divisor of b and 16?
4
Let k(m) = 2*m**3 + 56*m**2 + 55*m + 30. Let q be k(-27). Suppose 2*d + 18 = q*u + 63, -u = -d + 22. What is the greatest common factor of d and 56?
7
Let m = 92 + 127. Let u = m + -99. What is the highest common factor of 160 and u?
40
Let b be (11/1)/(1 + 0). Suppose 2*x + 7*x = 0. Let n be ((x - -3)/6)/(1/44). Calculate the highest common factor of n and b.
11
Let v be 54/(-2)*(-7)/21. Suppose v*h = -h + 760. Calculate the greatest common factor of h and 4.
4
Let w(v) = -5*v + 141 - 72 + 14*v - 29*v + 72. Let t be w(7). Calculate the greatest common divisor of t and 1.
1
Let f be 0/(((-36)/6)/6). Suppose 3*c - 324 = -27*x + 24*x, -5*c - 2*x + 552 = f. What is the greatest common factor of 7 and c?
7
Let i be (3/30)/(17/1445)*22. Calculate the greatest common divisor of 85 and i.
17
Let j = -311 - -548. Let k be 4 + j - (-4 - (-5 + 0)). Calculate the highest common divisor of 30 and k.
30
Let f(m) = -m**2 - 49*m + 235. Let c be f(-52). What is the greatest common factor of 27255 and c?
79
Let f(j) = j**2 + j + 3. Let n be f(-5). Let c = -995 - -2237. Suppose 61*p = 55*p + c. What is the greatest common divisor of n and p?
23
Suppose -5 = 2*w + 5. Let b(u) = -12*u + 21. Let f be b(w). Suppose 66 = -d + f. What is the highest common factor of 165 and d?
15
Let o(f) = -f**2 - 17*f - 5. Let b(r) = 2*r**2 + 18*r + 3. Let v(d) = 3*b(d) + 4*o(d). Let u be v(8). What is the greatest common divisor of u and 40?
5
Suppose -5*p + 14792 = 2*n, -4*p = -7*n + 12*n - 11820. Calculate the highest common factor of p and 37.
37
Let f = 2083 + 608. Calculate the highest common factor of 234 and f.
117
Let x(h) = 19*h - 40. Suppose 0 = r + 6*d - 2*d, -5*d = 4*r. Suppose 5*z = -r*z + 50. Let i be x(z). Calculate the highest common factor of i and 15.
15
Let c(h) = 9*h - 58. Let n be c(7). Suppose -7*m + 5*i = -n*m - 60, i = 2*m - 44. Calculate the greatest common factor of m and 40.
20
Suppose 464*j - 1568 = 436*j. What is the greatest common factor of j and 14392?
56
Suppose -70*q + 179*q - 88*q = 3381. Calculate the greatest common divisor of q and 7889.
161
Let z(t) be the second derivative of t**5/20 - t**4/4 - 8*t**3/3 - 11*t**2/2 - t + 30. Let d be z(6). What is the greatest common factor of d and 16?
1
Suppose -4*b + 303 = -5*i, b - i + 0*i = 76. Suppose 22*o - 18*o - 12 = 0. Suppose 5*y + o - 58 = 0. Calculate the highest common factor of b and y.
11
Let c(h) = -h**3 + 4*h**2. Let a be c(2). Suppose -2094 - 570 = -a*i. Calculate the highest common divisor of 148 and i.
37
Suppose 748 = c + 4*k, -k - 3*k = 3*c - 2268. Suppose 5*g = -5*w + c - 55, -5*g = -w + 135. Let x = 36 - 16. What is the highest common divisor of w and x?
20
Let d = -4513 - -4570. What is the highest common divisor of 3838 and d?
19
Let h(m) = m**3 - 21*m**2 + 32*m + 118. Let r be h(21). What is the greatest common factor of 480 and r?
10
Let l(x) = -x**2 - 33*x + 16464. Let p be l(0). Calculate the greatest common divisor of p and 24.
24
Let o be (0/1)/(2 - 4) - -195. Let z = o - 85. What is the greatest common divisor of z and 66?
22
Suppose -350 = -2*a + 2*m, 2 = -3*m - 1. Suppose s - t = -4*s + a, -67 = -2*s + 3*t. What is the highest common divisor of 5 and s?
5
Let p(h) = 5*h - 72. Let l be p(18). Suppose -14*t = -l*t + 112. Calculate the highest common divisor of t and 98.
14
Suppose -4*l + 32 = 4*i, -4*i - 58 - 66 = -8*l. Suppose c - 5 = 0, 4*c = -5*j - c + 90. Calculate the greatest common factor of j and l.
13
Let r = -16703 + 16749. What is the highest common factor of 162 and r?
2
Suppose -3581 = 17*k - 15413. Let i = k + -676. Calculate the highest common factor of i and 580.
20
Let a(h) = h**2 - 5*h - 9. Let s be a(6). Let i be ((-600)/72)/(s/54). What is the greatest common divisor of 45 and i?
15
Let a be 19/3 - 2/6. Let o(c) = -c**3 + 14*c**2 - 13*c + 29. Let v be o(12). Let k = 215 - v. Calculate the greatest common divisor of a and k.
6
Suppose -4*h - 7 = -l, 3*l + 0*h - 35 = -2*h. Let m = -885 - -882. Let u be 102 + m - (2 - 2). Calculate the highest common divisor of l and u.
11
Let z be (1 - 13/3)*(-144)/2. Let u(d) = 8 - 2 - 243*d + z*d + 26. Let b be u(-10). Calculate the greatest common divisor of b and 93.
31
Suppose 4 + 7 = q. Suppose q - 1 = -5*c, 3*c = 3*b - 60. Let r = -269296 - -269494. Calculate the greatest common factor of b and r.
18
Suppose 2*f = -3*b + b + 3962, 0 = -2*f - 6. Calculate the greatest common factor of 31 and b.
31
Let n(w) = -w**3 + 25*w**2 + 21*w + 426. Let u be n(26). What is the highest common factor of u and 222?
74
Let d be 13/260*-10*(-575 + -1). What is the highest common divisor of d and 396?
36
Let v = -9915 - -9984. Calculate the greatest common divisor of 20217 and v.
69
Let q(g) = -18 + 3*g - 5*g + 0*g. Let k be q(-17). Let a(u) = -3*u + 53. Let i be a(k). Calculate the highest common divisor of 40 and i.
5
Let k(o) = o**2 - 38*o - 246. Let u be k(-6). Calculate the greatest common divisor of 20 and u.
2
Suppose 3*w + 174 = 5*d - 2*d, -2*w + 220 = 4*d. Suppose b = d + 21. Let v be (2/4)/((-2)/(-28)). What is the greatest common factor of b and v?
7
Let u be 542032/4104 - ((-138)/324 + 1/2). Let c = -13 + 6. Let a = c + 51. What is the greatest common factor of a and u?
44
Let p(m) = -4*m**3 - 2*m**2 + 4*m - 2. Let r be p(2). Let q = r - -76. Let j be (50/(-150))/(3/(-126)). Calculate the highest common divisor of j and q.
14
Suppose 31*w - 11859 = 2205 - 889. Let x = 387 - 217. Calculate the greatest common factor of x and w.
85
Let g = -110 + 113. Let b(h) = -2*h**3 + 4*h**2 + 7*h - 1. Let a be b(g). Calculate the greatest common divisor of a and 86.
2
Let p be 7*-1*(15426/(-63) + -2). Suppose -p = -6*r - 0*r. What is the greatest common factor of r and 18?
18
Let t be 21 + 250/(-12) - (-168274)/12. What is the highest common divisor of t and 37?
37
Let q be 7/(252/(-8)) + 1057/(-63). Let y(r) = r**2 + 14*r - 32. Let n be y(q). Calculate the highest common divisor of n and 171.
19
Let p(t) = t**3 - 5*t**2 - 2*t + 3. Suppose 14 + 16 = -10*x. Let a be p(x). Let q = a - -73. What is the highest common divisor of 10 and q?
10
Let c be 1855/6 - (-100)/120. Let b = 0 + 62. What is the greatest common divisor of b and c?
62
Let b = 18 + 265. Suppose 0 = -10*y + b + 1007. What is the highest common factor of 86 and y?
43
Suppose -232 = -f - u, 450 + 710 = 5*f - 3*u. Let i be -10 + (103 + -3 - 6/3). Let k = f - i. What is the greatest common factor of 18 and k?
18
Let p be ((-840)/110)/(24/(-132)). Calculate the greatest common divisor of p and 1792.
14
Suppose 35*o = 42*o - 1645. Calculate the greatest common divisor of o and 846.
47
Suppose 2*f - 12 = -2*s, 5*f + 11*s - 13*s - 30 = 0. Let p(c) = c**3 - 2*c**2 - 2*c - 1. Let u be p(3). What is the greatest common divisor of u and f?
2
Suppose 3*t - 52 = -244. Let l be (24/t)/((-2)/16). Suppose -8*j + 665 = -l*j. What is the greatest common factor of j and 19?
19
Let v be 6/21 + 5/((-105)/(-4194)). Calculate the highest common factor of v and 640.
40
Let s be (0 - 6)/(14 + -12) - -28. Suppose -20*r + s*r = -260. Let h be (-10)/(4 - r/(-12)). Calculate the greatest common divisor of h and 45.
15
Let q(i) = -i**3 + 7*i**2 - 2*i + 29. Let p be q(7). Suppose -580 = -p*m + 290. What is the highest common divisor of m and 2?
2
Let r = 1241 + -814. What is the greatest common factor of 7 and r?
7
Suppose l = -2040*y + 2039*y + 5117, 10234 = 2*y - l. Calculate the highest common divisor of 238 and y.
119
Suppose -5 = -v + 6. Suppose 0 = -3*z + 4*l + 763, l = 2*z - l - 510. Suppose -8*h + 535 = -z. Calculate the highest common factor of h and v.
11
Let i be 57/5 - (-6)/(-15). Suppose -7*z = -266 + 679. Let p = -37 - z. Calculate the highest common factor of i and p.
11
Suppose 0 = -0*z - z + 2*w + 27, 3*w = 4*z - 93. Suppose 5*g + 4*h = 64, 65 = 2*g - 3*h + z. Calculate the greatest common divisor of 16 and g.
16
Suppose 96*f = 106*f - 451 - 149. What is the greatest common factor of 8400 and f?
60
Suppose -11*l = -17*l + 864. Let q be (l/(-15))/((-2)/(-10)). Let f = -38 - q. What is the highest common divisor of 4 and f?
2
Let x be 712/24 - (-1)/3. Let z be 1*(95 + 0*(-4)/4). Let j = -85 + z. What is the highest common divisor of j and x?
10
